+ 20*f - 11. Let a be v(4). Let p = -401 + a. Calculate the remainder when p is divided by 41.
32
Let q = 745 + -745. Suppose q = 2*s - p - 90, 45*p + 121 = 3*s + 47*p. What is the remainder when 599 is divided by s?
40
Suppose -d - 3*g + 2*g = 11, 0 = 2*d - 5*g + 36. Let j = -20 - d. What is the remainder when (-96)/j + 20/70 is divided by 3?
2
Let r(x) = 105*x - 4991. Calculate the remainder when 10316 is divided by r(49).
152
Let f = -160 - -391. Let i = -121 + f. What is the remainder when i is divided by 14?
12
Let y(a) = a**2 + 6*a. Let q be y(-6). Suppose q = c + 4*c - 170. What is the remainder when (19 - (4038/(-66) + -19)) + 2/(-11) is divided by c?
31
Suppose -24*p - 22 = -25*p. Let b(u) = 4*u**2 - 5*u. Let n be b(2). Suppose 609 = n*l - 429. What is the remainder when l is divided by p?
19
Let b(g) = 9*g - 62. Let h be b(14). Suppose -h*x = -62*x - 88. Calculate the remainder when x is divided by 23.
21
Let b(j) = -6*j**3 + 421*j**2 - 73*j + 280. What is the remainder when 767 is divided by b(70)?
67
Let l = 170 + -166. Suppose -72*n + 1300 = -69*n + l*u, 0 = -3*u - 15. What is the remainder when n is divided by 17?
15
Let m = 13395 - 13295. Calculate the remainder when 116 is divided by m.
16
Suppose 11*p - 913 = -143. Let k = 99 - p. Let b = -55 + 140. Calculate the remainder when b is divided by k.
27
Let n(o) = 5*o**2 + 47*o - 175. Suppose 5*u - 2*c = 462, -5*u = -c - 556 + 90. Calculate the remainder when u is divided by n(3).
6
Suppose 0 = 5*w + 2*h - 3, w + 3*h = 26 - 15. Let x be w/2 + 85/(-10). Let a = x - -64. What is the remainder when a is divided by 19?
17
Let i(v) = v**3 - 6*v**2 + 2*v - 8. Let q be i(6). Suppose 0 = 14*l + 38*l + 27*l - 1027. What is the remainder when (q/2)/((-2)/(-64)) is divided by l?
12
Let d(b) = -7*b**2 + 12*b**2 - 6*b**2 + 5*b + 3*b - 3. Calculate the remainder when d(5) is divided by 3.
0
Let r(p) = -3*p + 9. Let m(u) = -3*u + 9. Let a(l) = 4*m(l) - 5*r(l). What is the remainder when 124 is divided by a(17)?
40
Suppose 6476 - 6306 = -10*f. Let a(w) be the second derivative of w**3/6 + 19*w**2 - w. Calculate the remainder when a(f) is divided by 10.
1
Let h = -900 - -1226. Calculate the remainder when h is divided by 159.
8
Let n(k) = 2*k**2 - 107*k + 1148. Calculate the remainder when n(84) is divided by 69.
62
Let k(r) = -r**3 - 18*r**2 + 251*r - 27. What is the remainder when k(-28) is divided by 49?
1
Let s(a) = -4*a**3 - 11*a**2 + 10*a - 70. Calculate the remainder when s(-5) is divided by 95.
10
Suppose -6255 = -32*g + 6481. Calculate the remainder when g is divided by 131.
5
Suppose 2*u - 5*u = 5*j - 2074, -5*j = -4*u + 2777. Let r = 156 - 127. Calculate the remainder when u is divided by r.
26
Suppose -3 = 4*o - 39. Suppose 58 = o*j - 50. What is the remainder when 62 is divided by j?
2
Let y(b) = 2*b**2 - 13*b - 94. Let p be y(-10). Let v = p - 232. What is the remainder when 80 is divided by v?
0
Suppose 242*m = 237*m + t + 1224, -m - 5*t + 198 = 0. What is the remainder when m is divided by ((-2)/(-2))/(1/31)?
26
Calculate the remainder when 2/((-12)/9)*(-9 + (-5230)/30) is divided by 22.
11
Let k(f) = -3*f**3 - 7*f**2 + 2*f + 2. Calculate the remainder when 1/(-2) - (1215/(-6))/3 is divided by k(-3).
11
Let c be 408/85*(1 - -4). Let o be 1 + 2 + 14 + -1. Suppose c*b = 26*b - o. Calculate the remainder when 23 is divided by b.
7
Suppose 5*u - 6*u + 5 = 0, -5*x - 105 = 5*u. Let d = 169 + -109. Let r = d + x. What is the remainder when 133 is divided by r?
31
Suppose -2*z + 7 = 2*y + 3, 2*y = -z - 3. Let x be (-4)/(-14) - (-68)/z. Suppose -x*h + 15*h = 495. What is the remainder when h is divided by 20?
19
Suppose 17 - 59 = -6*w. Suppose -2*q + w*q - 70 = 0. Suppose 5*y = 5*m + 50, 10 = -q*m + 9*m. What is the remainder when 26 is divided by y?
2
Suppose -h = -412 + 88. Let n = h - 302. What is the remainder when 218 is divided by n?
20
Let t(h) = 4*h**2 + 7*h + 15. Let r be t(-4). Let j = r + -52. Let n(k) = -10*k - 2. What is the remainder when n(j) is divided by 3?
2
Let c = -13574 - -13931. Calculate the remainder when c is divided by 120.
117
What is the remainder when (-2310)/(112/(-8)) - 27/3 is divided by 23?
18
Suppose 4*f - 2519 = -3*a, 4*f = 7*a - 4*a + 2537. Suppose -9*n + f = 290. What is the remainder when 186 is divided by n?
34
Suppose 4*s = 3*q + 43, 4*s - 5*q = 61 - 24. Suppose -2137 = 42*o - 5875. What is the remainder when o is divided by s?
11
Let p(r) be the third derivative of r**5/60 - r**4/4 + 5*r**3/3 + 103*r**2. What is the remainder when 102 is divided by p(8)?
24
Suppose 3 = -0*y + y. Suppose -5*m = 3*s + 195 + 360, y*m = -4*s - 344. What is the remainder when m/8*(-6)/9 is divided by 3?
0
Let p = -3930 + 4512. What is the remainder when p is divided by 15?
12
Let s(o) = 2*o**2 + 4*o - 4. Suppose 3*k - 5*k = 5*y - 73, -2*k = 2. Calculate the remainder when (-3900)/24*4/y*-3 is divided by s(-6).
42
Suppose 0 = 5*v + 10, -5*v = -2*t + 37 - 7. Suppose 16*m - 1404 = -t*m. Calculate the remainder when 203 is divided by m.
41
Let u = -405 + 419. Suppose 134 = u*z - 706. Calculate the remainder when z is divided by 31.
29
Let o = 30 - -51. Calculate the remainder when (o/(-45))/((-12)/260) is divided by 15.
9
Let k = 89 + -87. Suppose 44 = 2*y + 5*o, y - k*y - o + 16 = 0. Suppose 0*j = -6*j + 48. Calculate the remainder when y is divided by j.
4
Let w = 9359 + -9203. What is the remainder when w is divided by 18?
12
What is the remainder when (12/(-39))/4 + 770735/1235 is divided by 71?
56
What is the remainder when 5/(-10) + 958/4 is divided by (-65*(-1)/2 - 2)*494/247?
56
Let w(t) = -16*t + 98. Let j(x) = 3*x**2 - 2*x - 2. Let b be j(2). What is the remainder when (-27)/(-4)*24/9 is divided by w(b)?
0
Suppose 2*w - 1107 = -915. Suppose -2*m + 92 = -2*l - 2, -2*m = -5*l - 88. Calculate the remainder when w is divided by m.
47
Let n = -1461 + 1799. Calculate the remainder when n is divided by 92.
62
Let g = 2221 - 2213. What is the remainder when 365 is divided by g?
5
Let l(s) = 107*s - 494. Calculate the remainder when l(5) is divided by 7.
6
Let z = 40 + -38. Suppose 5*v + 314 = z*u - 122, -2*u = 4. Let w = v - -91. What is the remainder when 14 is divided by w?
2
Let m(s) be the first derivative of 7*s**2/2 + 7*s - 9. Let j be m(11). Suppose -12*o = -9*o - j. What is the remainder when 83 is divided by o?
27
Let w(l) = l**2 + 17*l - 230. Calculate the remainder when 823 is divided by w(12).
115
Suppose -2*y + 498 = 5*i + 352, 0 = -3*i + 3*y + 117. Calculate the remainder when 696 is divided by i.
24
Suppose -3*s + 5*m + 85 = 0, -2*s = -s - m - 29. Suppose -429 = -4*d + 139. Calculate the remainder when d is divided by ((-24)/10)/(-2)*s.
34
Let g(f) = 6*f - 108. Let h be g(18). Suppose 29 = 5*r + w + 14, 5*r - w - 5 = h. What is the remainder when 60 is divided by r?
0
Suppose -92*o + 443 + 2501 = 0. Calculate the remainder when o is divided by 17.
15
Let f = 282 - 141. Suppose 21*m + f = 540. What is the remainder when 51 is divided by m?
13
Let f(b) = 30*b**3 - 3*b + 1. Suppose 0 = -5*u - 15, 46 + 62 = 2*q + 4*u. What is the remainder when f(2) is divided by q?
55
Let c(m) = 13*m**2 - 196*m + 1093. What is the remainder when 2168 is divided by c(15)?
12
Let a(q) be the third derivative of q**5/30 + 3*q**4/4 + 47*q**3/3 - 2*q**2 - 2. Calculate the remainder when a(-6) is divided by 17.
7
Let w = -1283 + 1406. What is the remainder when 356 is divided by w?
110
Let c = 2552 + -2545. What is the remainder when 14 is divided by c?
0
Suppose 335 - 325 = 5*n. Calculate the remainder when 48 is divided by (-64)/(-8) + 1 - n.
6
Let q = 7267 + -6805. Calculate the remainder when q is divided by 68.
54
Let y be (-6)/(3/9*-2). Suppose 636 = 11*u - y*u. Calculate the remainder when u is divided by 16.
14
Let n(z) = -7 - 34 + 136*z - 114*z. Calculate the remainder when 649 is divided by n(3).
24
Suppose 35 = 10*n - 5*n. Let d(y) = 4*y - 16. Let b(s) = -6*s + 82. What is the remainder when b(4) is divided by d(n)?
10
Let j(t) = -112*t + 1591. What is the remainder when j(-7) is divided by 140?
135
Let p(r) = -r**3 - 18*r**2 - 38*r + 2. Calculate the remainder when 2794 is divided by p(0).
0
Let f(g) = 10*g**2 + 7*g - 2. Let b(z) = z**3 - 37*z**2 - 33*z - 179. What is